CRAN Package Check Results for Package ymlthis

Last updated on 2021-11-29 04:53:47 CET.

Flavor Version Tinstall Tcheck Ttotal Status Flags
r-devel-linux-x86_64-debian-clang 0.1.5 OK
r-devel-linux-x86_64-debian-gcc 0.1.5 3.92 37.51 41.43 OK
r-devel-linux-x86_64-fedora-clang 0.1.5 79.62 NOTE
r-devel-linux-x86_64-fedora-gcc 0.1.5 63.71 NOTE
r-devel-windows-x86_64-new-UL 0.1.5 16.00 133.00 149.00 OK
r-devel-windows-x86_64-new-TK 0.1.5 NOTE
r-devel-windows-x86_64-old 0.1.5 6.00 82.00 88.00 OK
r-patched-linux-x86_64 0.1.5 5.78 49.15 54.93 OK
r-patched-solaris-x86 0.1.5 78.00 NOTE
r-release-linux-x86_64 0.1.5 3.32 48.88 52.20 OK
r-release-macos-arm64 0.1.5 NOTE
r-release-macos-x86_64 0.1.5 NOTE
r-release-windows-ix86+x86_64 0.1.5 11.00 65.00 76.00 OK
r-oldrel-macos-x86_64 0.1.5 NOTE
r-oldrel-windows-ix86+x86_64 0.1.5 17.00 81.00 98.00 OK

Check Details

Version: 0.1.5
Check: dependencies in R code
Result: NOTE
    Namespaces in Imports field not imported from:
     ‘miniUI’ ‘shinyBS’
     All declared Imports should be used.
Flavors: r-devel-linux-x86_64-fedora-clang, r-devel-linux-x86_64-fedora-gcc, r-devel-windows-x86_64-new-TK, r-patched-solaris-x86, r-release-macos-arm64, r-release-macos-x86_64, r-oldrel-macos-x86_64