CRAN Package Check Results for Package spatialrisk

Last updated on 2021-11-29 04:53:44 CET.

Flavor Version Tinstall Tcheck Ttotal Status Flags
r-devel-linux-x86_64-debian-clang 0.7.0 OK
r-devel-linux-x86_64-debian-gcc 0.7.0 40.32 225.61 265.93 OK
r-devel-linux-x86_64-fedora-clang 0.7.0 428.44 NOTE
r-devel-linux-x86_64-fedora-gcc 0.7.0 415.72 NOTE
r-devel-windows-x86_64-new-UL 0.7.0 82.00 370.00 452.00 NOTE
r-devel-windows-x86_64-new-TK 0.7.0 NOTE
r-devel-windows-x86_64-old 0.7.0 62.00 355.00 417.00 NOTE
r-patched-linux-x86_64 0.7.0 46.35 287.49 333.84 OK
r-patched-solaris-x86 0.7.0 480.80 ERROR
r-release-linux-x86_64 0.7.0 46.94 287.72 334.66 OK
r-release-macos-arm64 0.7.0 NOTE
r-release-macos-x86_64 0.7.0 NOTE
r-release-windows-ix86+x86_64 0.7.0 125.00 347.00 472.00 NOTE
r-oldrel-macos-x86_64 0.7.0 NOTE
r-oldrel-windows-ix86+x86_64 0.7.0 126.00 527.00 653.00 NOTE

Check Details

Version: 0.7.0
Check: installed package size
Result: NOTE
     installed size is 5.4Mb
     sub-directories of 1Mb or more:
     data 2.6Mb
     help 1.7Mb
Flavors: r-devel-linux-x86_64-fedora-clang, r-devel-windows-x86_64-new-UL, r-devel-windows-x86_64-old, r-patched-solaris-x86, r-release-macos-arm64, r-release-macos-x86_64, r-release-windows-ix86+x86_64, r-oldrel-macos-x86_64, r-oldrel-windows-ix86+x86_64

Version: 0.7.0
Check: data for non-ASCII characters
Result: NOTE
     Note: found 283 marked UTF-8 strings
Flavors: r-devel-linux-x86_64-fedora-clang, r-devel-linux-x86_64-fedora-gcc, r-devel-windows-x86_64-new-TK, r-patched-solaris-x86, r-release-macos-arm64, r-release-macos-x86_64, r-oldrel-macos-x86_64

Version: 0.7.0
Check: examples
Result: ERROR
    Running examples in ‘spatialrisk-Ex.R’ failed
    The error most likely occurred in:
    
    > ### Name: choropleth
    > ### Title: Create choropleth map
    > ### Aliases: choropleth
    >
    > ### ** Examples
    >
    > test <- points_to_polygon(nl_provincie, insurance, sum(amount, na.rm = TRUE))
    Warning in CPL_transform(x, crs, aoi, pipeline, reverse, desired_accuracy, :
     GDAL Error 1: No PROJ.4 translation for source SRS, coordinate transformation initialization has failed.
    Warning in CPL_transform(x, crs, aoi, pipeline, reverse, desired_accuracy, :
     GDAL Error 1: No PROJ.4 translation for source SRS, coordinate transformation initialization has failed.
    Error in CPL_transform(x, crs, aoi, pipeline, reverse, desired_accuracy, :
     OGRCreateCoordinateTransformation(): transformation not available
    Calls: points_to_polygon ... st_transform.sfc -> st_sfc -> structure -> CPL_transform
    Execution halted
Flavor: r-patched-solaris-x86