CRAN Package Check Results for Package qs

Last updated on 2021-11-29 04:53:39 CET.

Flavor Version Tinstall Tcheck Ttotal Status Flags
r-devel-linux-x86_64-debian-clang 0.25.1.1 OK
r-devel-linux-x86_64-debian-gcc 0.25.1.1 55.05 28.56 83.61 OK
r-devel-linux-x86_64-fedora-clang 0.25.1.1 150.39 NOTE
r-devel-linux-x86_64-fedora-gcc 0.25.1.1 141.97 OK
r-devel-windows-x86_64-new-UL 0.25.1.1 140.00 116.00 256.00 OK
r-devel-windows-x86_64-new-TK 0.25.1.1 OK
r-devel-windows-x86_64-old 0.25.1.1 86.00 76.00 162.00 OK
r-patched-linux-x86_64 0.25.1.1 57.70 34.75 92.45 OK
r-patched-solaris-x86 0.25.1.1 162.80 OK
r-release-linux-x86_64 0.25.1.1 58.84 35.24 94.08 OK
r-release-macos-arm64 0.25.1.1 NOTE
r-release-macos-x86_64 0.25.1.1 NOTE
r-release-windows-ix86+x86_64 0.25.1.1 237.00 71.00 308.00 NOTE
r-oldrel-macos-x86_64 0.25.1.1 NOTE
r-oldrel-windows-ix86+x86_64 0.25.1.1 169.00 68.00 237.00 NOTE

Check Details

Version: 0.25.1.1
Check: installed package size
Result: NOTE
     installed size is 7.6Mb
     sub-directories of 1Mb or more:
     doc 1.1Mb
     libs 6.2Mb
Flavors: r-devel-linux-x86_64-fedora-clang, r-release-macos-arm64, r-release-macos-x86_64, r-release-windows-ix86+x86_64, r-oldrel-macos-x86_64, r-oldrel-windows-ix86+x86_64