CRAN Package Check Results for Package odin

Last updated on 2021-12-07 04:48:56 CET.

Flavor Version Tinstall Tcheck Ttotal Status Flags
r-devel-linux-x86_64-debian-clang 1.2.1 10.28 144.47 154.75 OK
r-devel-linux-x86_64-debian-gcc 1.2.1 7.70 105.24 112.94 OK
r-devel-linux-x86_64-fedora-clang 1.2.1 183.63 OK
r-devel-linux-x86_64-fedora-gcc 1.2.1 179.85 OK
r-devel-windows-x86_64-new-UL 1.2.1 26.00 260.00 286.00 OK
r-devel-windows-x86_64-new-TK 0.0.1 OK
r-devel-windows-x86_64-old 1.2.1 16.00 146.00 162.00 OK
r-patched-linux-x86_64 1.2.1 9.31 130.06 139.37 OK
r-release-linux-x86_64 1.2.1 9.91 137.23 147.14 OK
r-release-macos-arm64 1.2.1 OK
r-release-macos-x86_64 1.2.1 WARN
r-release-windows-ix86+x86_64 1.2.1 14.00 337.00 351.00 OK
r-oldrel-macos-x86_64 1.2.1 WARN
r-oldrel-windows-ix86+x86_64 1.2.1 17.00 183.00 200.00 OK

Check Details

Version: 1.2.1
Check: re-building of vignette outputs
Result: WARN
    Error(s) in re-building vignettes:
    --- re-building ‘discrete.Rmd’ using rmarkdown
    Warning in engine$weave(file, quiet = quiet, encoding = enc) :
     Pandoc (>= 1.12.3) not available. Falling back to R Markdown v1.
    Error: processing vignette 'discrete.Rmd' failed with diagnostics:
    there is no package called 'stringi'
    --- failed re-building ‘discrete.Rmd’
    
    --- re-building ‘functions.Rmd’ using rmarkdown
    Warning in engine$weave(file, quiet = quiet, encoding = enc) :
     Pandoc (>= 1.12.3) not available. Falling back to R Markdown v1.
    Error: processing vignette 'functions.Rmd' failed with diagnostics:
    there is no package called 'stringi'
    --- failed re-building ‘functions.Rmd’
    
    --- re-building ‘odin.Rmd’ using rmarkdown
    Warning in engine$weave(file, quiet = quiet, encoding = enc) :
     Pandoc (>= 1.12.3) not available. Falling back to R Markdown v1.
    Error: processing vignette 'odin.Rmd' failed with diagnostics:
    there is no package called 'stringi'
    --- failed re-building ‘odin.Rmd’
    
    SUMMARY: processing the following files failed:
     ‘discrete.Rmd’ ‘functions.Rmd’ ‘odin.Rmd’
    
    Error: Vignette re-building failed.
    Execution halted
Flavors: r-release-macos-x86_64, r-oldrel-macos-x86_64