CRAN Package Check Results for Package imagefluency

Last updated on 2021-12-07 04:48:51 CET.

Flavor Version Tinstall Tcheck Ttotal Status Flags
r-devel-linux-x86_64-debian-clang 0.2.3 2.60 47.39 49.99 OK
r-devel-linux-x86_64-debian-gcc 0.2.3 2.32 36.69 39.01 OK
r-devel-linux-x86_64-fedora-clang 0.2.3 62.64 NOTE
r-devel-linux-x86_64-fedora-gcc 0.2.3 51.90 OK
r-devel-windows-x86_64-new-UL 0.2.3 10.00 0.00 10.00 FAIL
r-devel-windows-x86_64-new-TK 0.2.3 OK
r-devel-windows-x86_64-old 0.2.3 6.00 95.00 101.00 OK
r-patched-linux-x86_64 0.2.3 3.17 37.68 40.85 OK
r-release-linux-x86_64 0.2.3 2.57 45.66 48.23 OK
r-release-macos-arm64 0.2.3 OK
r-release-macos-x86_64 0.2.3 OK
r-release-windows-ix86+x86_64 0.2.3 6.00 84.00 90.00 OK
r-oldrel-macos-x86_64 0.2.3 OK
r-oldrel-windows-ix86+x86_64 0.2.3 7.00 85.00 92.00 OK

Check Details

Version: 0.2.3
Check: Rd cross-references
Result: NOTE
    Undeclared packages ‘bmp’, ‘jpeg’, ‘png’, ‘tiff’ in Rd xrefs
Flavor: r-devel-linux-x86_64-fedora-clang

Version: 0.2.3
Check: tests
Result: FAIL
    Check process probably crashed or hung up for 20 minutes ... killed
    Most likely this happened in the example checks (?),
    if not, ignore the following last lines of example output:
    > flush(stderr()); flush(stdout())
    >
    > ### Name: run_imagefluency
    > ### Title: Run imagefluency app
    > ### Aliases: run_imagefluency
    >
    > ### ** Examples
    >
    > ## Only run this example in interactive R sessions
    > if (interactive()) {
    + run_imagefluency()
    + }
    >
    >
    >
    > ### * <FOOTER>
    > ###
    > cleanEx()
    > options(digits = 7L)
    > base::cat("Time elapsed: ", proc.time() - base::get("ptime", pos = 'CheckExEnv'),"\n")
    Time elapsed: 193.11 537.61 779.98 NA NA
    > grDevices::dev.off()
    null device
     1
    > ###
    > ### Local variables: ***
    > ### mode: outline-minor ***
    > ### outline-regexp: "\\(> \\)?### [*]+" ***
    > ### End: ***
    > quit('no')
    ======== End of example output (where/before crash/hang up occured ?) ========
Flavor: r-devel-windows-x86_64-new-UL