CRAN Package Check Results for Package httpuv

Last updated on 2021-10-21 04:58:33 CEST.

Flavor Version Tinstall Tcheck Ttotal Status Flags
r-devel-linux-x86_64-debian-clang 1.6.3 209.66 39.31 248.97 NOTE
r-devel-linux-x86_64-debian-gcc 1.6.3 151.04 32.50 183.54 NOTE
r-devel-linux-x86_64-fedora-clang 1.6.3 405.73 NOTE
r-devel-linux-x86_64-fedora-gcc 1.6.3 343.71 NOTE
r-devel-windows-x86_64 1.6.3 310.00 71.00 381.00 NOTE
r-devel-windows-x86_64-gcc10-UCRT 1.6.3 NOTE
r-patched-linux-x86_64 1.6.3 185.72 39.13 224.85 NOTE
r-patched-solaris-x86 1.6.3 255.70 NOTE
r-release-linux-x86_64 1.6.3 180.33 38.69 219.02 NOTE
r-release-macos-arm64 1.6.3 NOTE
r-release-macos-x86_64 1.6.3 NOTE
r-release-windows-ix86+x86_64 1.6.3 407.00 93.00 500.00 NOTE
r-oldrel-macos-x86_64 1.6.3 NOTE
r-oldrel-windows-ix86+x86_64 1.6.3 583.00 105.00 688.00 NOTE

Check Details

Version: 1.6.3
Check: for GNU extensions in Makefiles
Result: NOTE
    GNU make is a SystemRequirements.
Flavors: r-devel-linux-x86_64-debian-clang, r-devel-linux-x86_64-debian-gcc, r-devel-linux-x86_64-fedora-clang, r-devel-linux-x86_64-fedora-gcc, r-devel-windows-x86_64, r-devel-windows-x86_64-gcc10-UCRT, r-patched-linux-x86_64, r-patched-solaris-x86, r-release-linux-x86_64, r-release-macos-arm64, r-release-macos-x86_64, r-release-windows-ix86+x86_64, r-oldrel-macos-x86_64, r-oldrel-windows-ix86+x86_64

Version: 1.6.3
Check: installed package size
Result: NOTE
     installed size is 7.8Mb
     sub-directories of 1Mb or more:
     libs 7.4Mb
Flavors: r-devel-linux-x86_64-fedora-clang, r-release-macos-arm64, r-release-macos-x86_64, r-oldrel-macos-x86_64