CRAN Package Check Results for Package cocktailApp

Last updated on 2021-12-07 04:48:45 CET.

Flavor Version Tinstall Tcheck Ttotal Status Flags
r-devel-linux-x86_64-debian-clang 0.2.2 8.07 112.94 121.01 OK
r-devel-linux-x86_64-debian-gcc 0.2.2 5.29 85.02 90.31 OK
r-devel-linux-x86_64-fedora-clang 0.2.2 148.72 NOTE
r-devel-linux-x86_64-fedora-gcc 0.2.2 133.31 NOTE
r-devel-windows-x86_64-new-UL 0.2.2 18.00 150.00 168.00 OK
r-devel-windows-x86_64-new-TK 0.2.2 NOTE
r-devel-windows-x86_64-old 0.2.2 14.00 143.00 157.00 OK
r-patched-linux-x86_64 0.2.2 8.04 98.80 106.84 OK
r-release-linux-x86_64 0.2.2 6.94 106.88 113.82 OK
r-release-macos-arm64 0.2.2 NOTE
r-release-macos-x86_64 0.2.2 NOTE
r-release-windows-ix86+x86_64 0.2.2 14.00 135.00 149.00 OK
r-oldrel-macos-x86_64 0.2.2 NOTE
r-oldrel-windows-ix86+x86_64 0.2.2 20.00 141.00 161.00 OK

Check Details

Version: 0.2.2
Check: data for non-ASCII characters
Result: NOTE
     Note: found 14729 marked UTF-8 strings
Flavors: r-devel-linux-x86_64-fedora-clang, r-devel-linux-x86_64-fedora-gcc, r-devel-windows-x86_64-new-TK, r-release-macos-arm64, r-release-macos-x86_64, r-oldrel-macos-x86_64