CRAN Package Check Results for Package FastGaSP

Last updated on 2021-12-07 04:48:48 CET.

Flavor Version Tinstall Tcheck Ttotal Status Flags
r-devel-linux-x86_64-debian-clang 0.5.2 43.35 42.21 85.56 OK
r-devel-linux-x86_64-debian-gcc 0.5.2 34.89 33.35 68.24 OK
r-devel-linux-x86_64-fedora-clang 0.5.2 116.36 NOTE
r-devel-linux-x86_64-fedora-gcc 0.5.2 102.04 NOTE
r-devel-windows-x86_64-new-UL 0.5.2 57.00 95.00 152.00 OK
r-devel-windows-x86_64-new-TK 0.5.2 NOTE
r-devel-windows-x86_64-old 0.5.2 52.00 70.00 122.00 OK
r-patched-linux-x86_64 0.5.2 36.74 32.83 69.57 OK
r-release-linux-x86_64 0.5.2 36.54 41.37 77.91 OK
r-release-macos-arm64 0.5.2 NOTE
r-release-macos-x86_64 0.5.2 NOTE
r-release-windows-ix86+x86_64 0.5.2 77.00 87.00 164.00 OK
r-oldrel-macos-x86_64 0.5.2 NOTE
r-oldrel-windows-ix86+x86_64 0.5.2 96.00 89.00 185.00 OK

Check Details

Version: 0.5.2
Check: installed package size
Result: NOTE
     installed size is 8.8Mb
     sub-directories of 1Mb or more:
     libs 8.5Mb
Flavors: r-devel-linux-x86_64-fedora-clang, r-release-macos-arm64, r-release-macos-x86_64, r-oldrel-macos-x86_64

Version: 0.5.2
Check: dependencies in R code
Result: NOTE
    Namespace in Imports field not imported from: ‘RobustGaSP’
     All declared Imports should be used.
Flavors: r-devel-linux-x86_64-fedora-clang, r-devel-linux-x86_64-fedora-gcc, r-devel-windows-x86_64-new-TK, r-release-macos-arm64, r-release-macos-x86_64, r-oldrel-macos-x86_64